?
2
What are the prime factors of (1408/33)/(6/(-9) + 1)?
2
Suppose u - 4 = 24. What are the prime factors of u?
2, 7
Let g = -12 + 330. List the prime factors of g.
2, 3, 53
Let n(v) = v**2 + 5*v + 6. Let g be n(-6). Let c = g + -3. What are the prime factors of c/(-6)*(-16)/3?
2
Let f = 42 + -29. What are the prime factors of f?
13
Suppose -76 = 2*d + 3*s, 2*d - 7*d - 2*s = 168. List the prime factors of -3*(d/12 - 0).
2
Suppose 3*h = h + 38. List the prime factors of h.
19
Let b = 28 - 9. List the prime factors of b.
19
Suppose -6*d + 63 = -3*d. What are the prime factors of d?
3, 7
Let p(o) = -o**2 - 10*o - 8. Suppose 147 = -2*z - 5*m, 0 + 3 = 3*m. Let j be 4/(-10) - z/(-10). List the prime factors of p(j).
2
Suppose -3*h + 5*h - 88 = 0. Let c = h + -15. List the prime factors of c.
29
Let b(r) be the third derivative of -r**5/60 - r**4/3 - r**3/2 - 3*r**2. List the prime factors of b(-4).
13
What are the prime factors of 122/10 - 7/35?
2, 3
Suppose 0 = -4*o + 4*h + 154 - 34, 4*o - 3*h - 119 = 0. List the prime factors of o.
29
Let m(d) = 44*d**2 + d. List the prime factors of m(1).
3, 5
Let k(g) = 2*g + 3. Let v be k(4). Let d = -4 + v. What are the prime factors of d?
7
Let q(v) = 9*v + 23. Let x(h) = h + 1. Let b(y) = -q(y) + 5*x(y). List the prime factors of b(-13).
2, 17
Let i be (7 - 1)/((-4)/(-66)). Let h = -55 + i. What are the prime factors of h?
2, 11
Let r(k) = -k**2 - 10*k - 9. Let g be r(-6). List the prime factors of (-22)/(-5) - 6/g.
2
Suppose 2*r + 3*q = 15, 5*q - 43 - 2 = -5*r. List the prime factors of r.
2, 3
Let y(g) = -g**3 - 6*g**2 + 4*g + 13. List the prime factors of y(-7).
2, 17
Suppose 3 = -d + 5. Suppose 0 = -u + d*v + 1 + 12, -v + 7 = 4*u. What are the prime factors of u?
3
Let t(l) = l**3 + 6*l**2 + l + 3. Let a be t(-6). Let d be (-4)/(((-8)/(-10))/(-2)). Let y = d + a. List the prime factors of y.
7
List the prime factors of ((-14)/35)/((-2)/30).
2, 3
Let t = -152 + 256. List the prime factors of t.
2, 13
Suppose -3*p + 3*d + 234 = 0, p + 0*d = -3*d + 74. List the prime factors of p.
7, 11
Suppose 8*s - 3*s - 215 = 0. What are the prime factors of s?
43
Suppose -v - 4*v + 25 = -2*q, -q + 5 = 0. Suppose 0 = a - v - 12. What are the prime factors of a?
19
What are the prime factors of (4 - -1) + -8 + 8?
5
Let c(r) = 2*r - 4. Let k be c(6). Suppose 1 - k = -v. What are the prime factors of v?
7
Let v(d) = d**3 + 6*d**2 - d - 2. List the prime factors of v(-5).
2, 7
Let v be (-16)/(-5) - (-3)/(-15). Suppose b = u - b - 10, 5*b = v*u - 26. Suppose 4*h = 4*w + 40, u*h - w = 7*h - 56. What are the prime factors of h?
11
Let k be (51/12)/((-2)/(-16)). Suppose 4*g - 2 = k. List the prime factors of g.
3
Suppose -5*t = 2*v - 318, -v - 4*t = -0*t - 165. What are the prime factors of v?
149
Let k be 4*1 - (-3 - -5). Suppose -t + 2*t - 9 = k*w, -w - 81 = -5*t. What are the prime factors of t?
17
Let d = 4 + -7. Let l(m) = -m**2 - 5*m - 4. Let i be l(d). Suppose 44 = 3*b - 2*h, i*h - h = -4. List the prime factors of b.
2, 3
Let i(d) = d**2 + 8*d - 6. Let u be i(-8). Let o = u - -14. List the prime factors of o.
2
Let j be (-2)/10 + (-42)/(-10). Suppose 0 + j = 2*s. Let o(z) = z**2 + 3*z - 2. What are the prime factors of o(s)?
2
Suppose -2*c = -6*c. Suppose 0 = 5*t - 0*x - 5*x - 20, c = 5*t - 3*x - 12. Suppose t*s = s - 12. List the prime factors of s.
2, 3
Let u = 6 - 3. Suppose c - 3*v - 20 = -u, -5*c - v + 53 = 0. List the prime factors of c.
11
List the prime factors of (26*(-35)/(-10))/(1 - 0).
7, 13
Let p be 2/6 + (-34)/3. Let m = 25 + p. List the prime factors of 6/4*-2 + m.
11
Suppose -41 = -5*n - 4*q, -2*q + 0*q + 3 = -n. Suppose n*f = 10*f - 60. Suppose s = 4*o - 3*s - f, 5*o - 30 = 2*s. List the prime factors of o.
2
Suppose -4*z + 5 = -15. Suppose 4*u + 4*j - 2*j - 78 = 0, -z*u + 4*j = -117. What are the prime factors of u?
3, 7
Let y(d) = -d**3 - 2*d**2 + 3*d + 4. Let t be y(-3). Suppose r = -4*w, -t*r + 1 = 4*w - 11. Suppose -r*n - 9 = -49. List the prime factors of n.
2, 5
Suppose 4*z - 8*z + 568 = 0. What are the prime factors of z?
2, 71
Suppose 0 = -3*l + 1 + 5. Let q(o) = -o**3 + o**2 + 2*o. Let p be q(l). Suppose b + p*b - 11 = 0. What are the prime factors of b?
11
Suppose -4 + 10 = 2*s. Suppose -j + 17 = -5*a, -3*j = j - s*a - 68. List the prime factors of j.
17
Suppose j - 20 = -3*q, -5*q + 8 + 2 = -3*j. What are the prime factors of q?
5
What are the prime factors of ((-4)/6)/(2/(-93))?
31
List the prime factors of (6/(-7))/(((-12)/(-14))/(-6)).
2, 3
Suppose 0*h = -4*h. Suppose -6*r + r + 35 = h. List the prime factors of r.
7
Suppose -b + 3*s = -3*b + 16, 5*b - 3*s - 19 = 0. Suppose -3*g - b*r + 17 = 0, 4*g - 21 = -8*r + 3*r. List the prime factors of g.
2
Suppose l + 29 = 4*l - 4*s, -4*l + 27 = -3*s. Suppose 2*p - l*p = 0. Suppose 3*t + 9 = p, -m - 2*m - 4*t = 6. List the prime factors of m.
2
Suppose 0 = 4*h - 17 - 3. Suppose -4*m - u = -m - 8, m = h*u + 8. Let f = m - 0. List the prime factors of f.
3
Let d(q) be the second derivative of q**3/6 + 13*q**2/2 + 5*q. What are the prime factors of d(13)?
2, 13
List the prime factors of ((-242)/(-5))/((-16)/(-40)).
11
Let f(i) = 4*i + 6. What are the prime factors of f(3)?
2, 3
Let j(l) = -l**2 + 15*l - 14. Let f be j(10). Let d = -21 + f. List the prime factors of d.
3, 5
Suppose 5*m + 24 = k, m = 4*k - 0*m - 1. Let h = 1 + k. Suppose 3*a + n - 3*n - 15 = h, 0 = 3*n - 9. List the prime factors of a.
7
Let b(s) = 9*s + 1. Let x be b(-1). Let j = x - -18. What are the prime factors of j?
2, 5
Suppose 10*q + 1 - 151 = 0. What are the prime factors of q?
3, 5
Suppose -z - 3 = 4*r - 2*z, -5*r = 5*z - 15. Suppose r = -5*o + 4*o + 16. List the prime factors of o.
2
Suppose -5*k - 7 = 8, 2*p - 88 = -4*k. List the prime factors of p.
2, 5
Let c = 1 - 0. Suppose 3*i = r - 4*r + 3, -3*i - 5*r = c. Suppose b = -2*d + 9, -5*d = -i*d + 8. What are the prime factors of b?
17
Suppose -26*h + 29*h - 453 = 0. List the prime factors of h.
151
Let b be 3 - 0 - (0 - -1). Suppose -5*s + 33 = b*n, -n - 4*s = s - 29. Suppose h - n*d = d + 20, 0 = -h + 3*d + 14. What are the prime factors of h?
5
Suppose -34*y + 37*y - 57 = 0. List the prime factors of y.
19
Let h(g) = 14*g**2 - 4*g - 10. List the prime factors of h(-3).
2
Let z(x) = -x**2 - 8*x + 7. Let a be z(-7). Suppose 5*q = a + 16. What are the prime factors of q?
2, 3
Suppose 4*b = 1 + 15. List the prime factors of (-1 + b/8)*-62.
31
Let r(v) = v**3 - v**2 + v. Let d(z) = z**3 + 2*z**2 - 1. Let w(y) = y**3 + 2*y**2 - 3*y + 1. Let l be w(-3). Let g be d(l). List the prime factors of r(g).
2, 3
List the prime factors of (37/4)/(12/48).
37
List the prime factors of (75/35)/((-2)/(-14)).
3, 5
Let z(d) = -d + 2. Let m be z(0). Let n(s) = -2*s - 4 + m - 2*s + 6*s. What are the prime factors of n(10)?
2, 3
Let f = -369 - -649. What are the prime factors of f?
2, 5, 7
Let t = -13 + 15. Suppose t*y + 3*y - 40 = 0. List the prime factors of y.
2
Suppose 9 = -5*v - 11. List the prime factors of v/(-5)*225/18.
2, 5
Let s = 61 - 103. Let o be 0 - -3*s/(-9). Suppose 0 = 3*p - 4 - o. What are the prime factors of p?
2, 3
Let y = 1 + -2. Let n = 5 + y. Let g = 7 - n. List the prime factors of g.
3
What are the prime factors of (-4)/(-6) - 4260/(-36)?
7, 17
Let s = -9 - -2. List the prime factors of s/(3 - (-8)/(-2)).
7
Let m be (-9)/15 + (-26)/(-10). Suppose 0 = -2*v, -34 - 22 = -4*s + m*v. List the prime factors of s.
2, 7
Let f = -3 - -6. Suppose 0 = -3*y + f*g + 57, 61 = 3*y - 0*y + g. What are the prime factors of y?
2, 5
What are the prime factors of (-1)/(1214/304 - 4)?
2, 19
Let q be (2/(-4))/(3/(-12)). Suppose 0*m + 3*m = 4*x + 39, -3 = -m - q*x. Suppose 2*j - m = 1. What are the prime factors of j?
5
List the prime factors of 7/(21/30) + 2.
2, 3
Suppose -5*u = -17 - 8. Suppose -u*w = -w. Suppose 2*x - 12 = 2*k, -2*x + w*x - 5*k = 9. List the prime factors of x.
3
Let w(g) = -g**3 + 9*g**2 + 12*g + 8. Let k be 4/14 + 612/63. List the prime factors of w(k).
2, 7
Let s = 28 + -9. Let u = 8 + -19. Let j = s + u. What are the prime factors of j?
2
Suppose p = -4*c + 18, -2*p - 4*c + 94 = p. Let y = 69 - 15. Let f = y - p. What are the prime factors of f?
2
Suppose 6*j - 3*j - 9 = 0, -j + 1 = f. What are the prime factors of